be ((-122)/305)/(5/(-250)*(-4)/(-6)). What is the highest common divisor of o and 480?
30
Suppose 0 = -193*g + 7176919 + 624756 - 607021. Calculate the greatest common divisor of g and 9.
9
Let q be 3*(((-105)/(-9) - 5) + -5). Suppose q*s - 28 = 4*v - 140, -3*s - 58 = -2*v. What is the highest common divisor of 437 and v?
23
Suppose -5*l - 175 = 58*c - 62*c, 126 = 3*c - 3*l. Calculate the highest common divisor of c and 4424.
7
Let u(v) = 8*v - 31. Let o be u(13). Let i(c) = -4*c + 6. Let b be i(-8). Let s = o - b. Calculate the highest common factor of s and 14.
7
Let l be (-14 - -25) + (-4 - 1). Let c be -5 - (-94)/(-4 + l). What is the greatest common factor of 28 and c?
14
Suppose 7706118 = 572*j - 4542392 + 373218. What is the greatest common factor of j and 13?
13
Suppose 103*k - 9975 = 8*k. Suppose 3*n - 7*n - 173 = 3*o, 4*o + 2*n + 214 = 0. Let z = o + k. What is the highest common divisor of z and 270?
54
Let d(w) be the first derivative of -3*w**4/4 - 9*w**3 - 7*w**2/2 + 9*w + 50. Let n be d(-9). Calculate the highest common divisor of n and 120.
24
Let h(i) = -2*i - 9*i**2 + 0*i - 12 + 8. Let o be h(-2). Let r be (-4)/o - ((-790)/18 - 1). Calculate the highest common factor of r and 45.
45
Suppose u + 4*p - 232 = 0, 54*u - 55*u = -3*p - 204. Calculate the greatest common divisor of 1392 and u.
24
Suppose -4*d = w - 230, w - 5*d - 690 = -2*w. Let o(f) = -112*f**2 - 12993*f - 70. Let j be o(-116). Calculate the highest common divisor of j and w.
46
Suppose 0 = -2*h - 2*m + 5464, -70*m + 71*m + 2716 = h. What is the greatest common factor of 24 and h?
12
Let a be (-21)/(((-10)/(-108))/(-5)). Let r be 42*-19 - (200 + -194). Let b = r + a. Calculate the highest common divisor of 30 and b.
30
Let f = -853 + 1073. What is the highest common factor of f and 385?
55
Suppose 0*q + 5*q + 41*q = 63342. What is the highest common divisor of q and 1296?
81
Let c be 336/30*(-10)/(-4). Let h(d) = d**3 + 8*d**2 + 2*d + 3. Let n be h(-8). Let o = -6 - n. Calculate the greatest common factor of c and o.
7
Suppose 3*r - 3 = -18, -3*r + 25 = 4*m. Suppose 3*c = -4*l + 52, -2*l + 10 = c - m. Let d be 452/c + 6/(-9). What is the highest common factor of 37 and d?
37
Let l(o) = -38*o - o**2 - 7*o + 26*o**2 + 118 + 62. Let f be l(4). Calculate the greatest common factor of f and 16.
16
Let r = 999 + -888. Calculate the greatest common divisor of 555 and r.
111
Suppose -5*q - 9007 + 30037 = 4*x, -36826 = -7*x + 3*q. What is the highest common factor of 5 and x?
5
Let n = -7 - -11. Suppose -u = 2*a + n, 6*u - 4*a = 3*u + 38. Suppose 11*v - 7*v = 48. Calculate the greatest common divisor of u and v.
6
Let h(v) = -9*v**3 - 7*v**2 - 68*v + 20. Let s be h(-7). What is the highest common divisor of 432 and s?
216
Let z be (351/(-18))/(-13)*-36. Let a be (-3 - -7)/((-9)/z). What is the highest common divisor of 16 and a?
8
Suppose 0*g + 136 = 4*g. Suppose -3*y = -2*i - 3166, 0 = 4*y - 5*y - 2*i + 1050. Let f = y - 1020. What is the greatest common divisor of g and f?
34
Suppose 4*g - 147 - 183 = -g. Calculate the greatest common divisor of g and 3058.
22
Suppose 213 = 3*d - x, 438*x = -d + 439*x + 75. What is the greatest common factor of 805 and d?
23
Let g = 2 - -18. Suppose 588 = 13*r - 1983 + 491. What is the highest common divisor of r and g?
20
Let f(z) = -2*z + 36. Let d(t) = t - 1. Let w(k) = 6*d(k) - f(k). Let s be w(7). Suppose -18*v + 64 = -s*v. Calculate the greatest common factor of v and 64.
16
Let s(v) = -v**2 - v - 2. Let r be s(0). Let c be ((-18)/(-8))/(r/(-8)). Let b = 130462 - 130461. Calculate the greatest common factor of c and b.
1
Let p = -732 - -3751. Suppose 4*t - n = 4*n + 4007, -n = -3*t + p. What is the highest common factor of t and 36?
36
Let j = -240 + 365. Suppose 2*p + j = -3*i + 456, p - 148 = 2*i. What is the greatest common divisor of 395 and p?
79
Let h(a) = 2*a - 2. Let d be h(1). Suppose d = -11*t + 17*t - 198. What is the highest common factor of 66 and t?
33
Suppose -12 = -14*j + 30. Suppose -2*u = j*u - 80. Calculate the highest common divisor of u and 4.
4
Suppose 2*h - 8*o + 13*o - 10 = 0, o - 20 = -4*h. Suppose q = h*i + 14 + 19, 2*i - 84 = -5*q. What is the highest common factor of q and 135?
9
Let u = 823 + -442. Suppose 5*j + x - 762 = 0, x + u = 3*j - 81. Calculate the highest common divisor of 18 and j.
9
Suppose -2*i = -4*q - 36496, -14*q = -5*i - 10*q + 91270. Calculate the highest common factor of i and 102.
102
Let t be 15/6*(2 - (2 + -2)). Suppose x + 3*v + 191 = 6*x, -t*x + v = -197. What is the greatest common factor of 30 and x?
10
Let l(w) = -5*w**3 + 418*w**2 + 165*w + 346. Let u be l(84). What is the highest common divisor of 6 and u?
2
Let r = 509 + -502. Suppose r*s - 55 + 20 = 0. What is the highest common factor of 405 and s?
5
Let x be 63/(-9)*80/(-140). What is the greatest common factor of x and 424?
4
Let y(h) = -4*h**2 + 60*h + 25. Let n = -169 + 184. Let q be y(n). Let d be 0/(-2) + -1 + 176. Calculate the highest common divisor of q and d.
25
Let y(c) = -c**2 - c - 62. Let a(b) = -3*b**2 - 2*b - 125. Let h(i) = -2*a(i) + 5*y(i). Let m be h(-9). Calculate the greatest common divisor of 120 and m.
30
Let s(n) = 841*n**2 - 24*n + 8. Let u be s(-2). Calculate the greatest common divisor of 19 and u.
19
Let p(c) = c**2 - 22*c + 110. Let v be 40/2 + (-13 - -10). Let l be p(v). Calculate the greatest common factor of 5 and l.
5
Suppose -10 = -5*w, 4*x + 6598 = 3*w - 0*w. Let u = x + 1054. Let v = -414 - u. Calculate the greatest common divisor of 20 and v.
20
Let d(i) = 33*i - 62*i + 10 + 25*i. Let p be d(-6). Suppose 3*t - 256 = l, 2*l - 8 = -10. What is the highest common divisor of t and p?
17
Let v = 35 - 31. Let t(j) = -3*j + 27. Let z be 2/(-10)*-5 + 4. Let s be t(z). Calculate the greatest common factor of v and s.
4
Let f be 20/(-45)*21*-30. Suppose -4*m + f = 4*w, 0*w = -5*w + 3*m + 390. What is the greatest common divisor of w and 60?
15
Let h = -178715 - -179070. Suppose k - t = 0, 5*k - k - 40 = -4*t. Calculate the greatest common divisor of h and k.
5
Let m(k) = 2*k**3 - 2. Let y be m(5). Let r = -51 - -59. Calculate the greatest common divisor of r and y.
8
Suppose 24 = 2*t - 0*t + 4*p, t = 4*p + 12. Let a be ((-22)/(-6))/((t/(-18))/(-2)). Calculate the greatest common divisor of 11 and a.
11
Let b be (3 - 19)/((-2)/6). Let k = 195 + -51. What is the highest common factor of k and b?
48
Suppose 0 = 4*z + 16, -6*z + 15 = -3*q - 9*z. Let h be (438/9)/(q/3 + 1). What is the greatest common factor of h and 365?
73
Let n be (0 - 81/(-15))/(405/10800). Suppose 8*c - 4*c = 32. What is the highest common factor of n and c?
8
Let o = 121269 + -84999. What is the highest common factor of 31 and o?
31
Let r = -1104 - -1170. Let l = 864 + -402. Calculate the greatest common divisor of r and l.
66
Suppose 0 = 3*d + 5*l - 304, -2*l + 6*l - 524 = -5*d. Let j(v) = -23*v + 1285. Let b be j(50). Calculate the highest common factor of d and b.
27
Suppose 78*r - 976 = 74*r. Let z = 559 - r. What is the highest common factor of 70 and z?
35
Suppose 0 = 7*h - 3*h - 4*w - 8960, 3*h + 3*w = 6726. What is the greatest common factor of 27 and h?
27
Let z(a) = a. Let d be z(2). Let u(c) = -43*c + 3316. Let b be u(77). Calculate the highest common divisor of b and d.
1
Suppose 3*g = -3*j + 510, 5*j - 10*j = -2*g - 864. Let v be (-3 + -2)*11/(220/(-344)). What is the greatest common factor of v and j?
86
Suppose 37 = x - 381. Let i = 740 - 702. What is the greatest common factor of i and x?
38
Suppose 2218 + 358 = 31*j - 17*j. What is the greatest common divisor of 48 and j?
8
Let g(r) = -11*r**2 + 61*r + 42. Let m be g(6). Let t(f) = -f - 3. Let b be t(-6). Suppose -405 = -b*s - 117. Calculate the greatest common divisor of m and s.
12
Let m(a) = a**2 + 131*a + 4132. Let b be m(-80). Suppose 64 = 5*t + 4. Calculate the highest common divisor of t and b.
4
Let z(u) = 2097*u**3 - 11 - 4192*u**3 + 2096*u**3 + 8*u. Suppose 3*t - 5 = 2*t. Let q be z(t). What is the highest common divisor of 14 and q?
14
Let z(a) = 5*a + 108. Let g be z(-18). Suppose -2 - 16 = -g*m. What is the greatest common divisor of 19 and m?
1
Suppose -963 = -2*k + 9*t, -3*k + 2*t + 1382 = t. Calculate the greatest common factor of 2601 and k.